{"id":151,"date":"2022-02-02T10:12:56","date_gmt":"2022-02-02T09:12:56","guid":{"rendered":"https:\/\/fki.htw-berlin.de\/creative-media\/?page_id=151"},"modified":"2026-02-27T17:09:21","modified_gmt":"2026-02-27T16:09:21","slug":"themenvorschlaege","status":"publish","type":"page","link":"https:\/\/fki.htw-berlin.de\/creative-media\/themenvorschlaege\/","title":{"rendered":"Themenvorschl\u00e4ge"},"content":{"rendered":"<div class=\"wpb-content-wrapper\"><p>[vc_row][vc_column]\r\n            \r\n            <div class=\"sh-empty-space vc_empty_space sh-empty-space-6Ofi2z9Pul  \" style=\"height: 64px\">\r\n                <span class=\"vc_empty_space_inner\"><\/span>\r\n            <\/div>\r\n\r\n        [vc_custom_heading text=&#8221;Themenvorschl\u00e4ge&#8221; font_container=&#8221;tag:h1|font_size:26|text_align:left&#8221; google_fonts=&#8221;font_family:Montserrat%3Aregular%2C700|font_style:400%20regular%3A400%3Anormal&#8221;][vc_separator][\/vc_column][\/vc_row][vc_row][vc_column][vc_column_text css=&#8221;&#8221;]<\/p>\n<p style=\"text-align: justify\">Auf dieser Seite finden Sie Themenvorschl\u00e4ge f\u00fcr Abschlussarbeiten und Independent Courseworks (Master-Studiengang). Eigene Themen k\u00f6nnen gerne vorgeschlagen werden, sofern sie den unten angegebenen Themenschwerpunkten angeh\u00f6ren.<\/p>\n<p style=\"text-align: justify\">Abschlussarbeiten werden immer von Prof. Dr.-Ing. Carsten Busch und einer Mitarbeiterin\/einem Mitarbeiter der Forschungsgruppe betreut.<\/p>\n<p>[\/vc_column_text][vc_single_image image=&#8221;893&#8243; img_size=&#8221;600&#215;400&#8243; alignment=&#8221;center&#8221;][vc_custom_heading text=&#8221;Themenschwerpunkte&#8221; font_container=&#8221;tag:h2|font_size:21|text_align:left&#8221; google_fonts=&#8221;font_family:Montserrat%3Aregular%2C700|font_style:400%20regular%3A400%3Anormal&#8221; css=&#8221;&#8221;]\r\n            \r\n            <ul class=\"sh-list sh-list-vc sh-list-style4\" id=\"list-8jmXuCipcf\">\r\n            \t            \t\t<li class=\"sh-list-item\">\r\n                        \r\n                \t\t\t<span class=\"sh-list-icon\">\r\n                                                                    <i class=\"fa fa-caret-right\"><\/i>\r\n                                                \t\t\t<\/span>\r\n                \t\t\t<span class=\"sh-list-content\">\r\n                                Interaktion, Sensorik, Digitale Medien (&amp; \u201cDigitale Ger\u00e4te\u201d)                            <\/span>\r\n\r\n                                    \t\t<\/li>\r\n            \t            <\/ul>\r\n\r\n        \r\n            \r\n            <ul class=\"sh-list sh-list-vc sh-list-style4\" id=\"list-ZAlCkQebIK\">\r\n            \t            \t\t<li class=\"sh-list-item\">\r\n                        \r\n                \t\t\t<span class=\"sh-list-icon\">\r\n                                                                    <i class=\"fa fa-caret-right\"><\/i>\r\n                                                \t\t\t<\/span>\r\n                \t\t\t<span class=\"sh-list-content\">\r\n                                Games, Gaming, Gamifaction, Public Gaming                            <\/span>\r\n\r\n                                    \t\t<\/li>\r\n            \t            <\/ul>\r\n\r\n        \r\n            \r\n            <ul class=\"sh-list sh-list-vc sh-list-style4\" id=\"list-MO7LmYJ5nd\">\r\n            \t            \t\t<li class=\"sh-list-item\">\r\n                        \r\n                \t\t\t<span class=\"sh-list-icon\">\r\n                                                                    <i class=\"fa fa-caret-right\"><\/i>\r\n                                                \t\t\t<\/span>\r\n                \t\t\t<span class=\"sh-list-content\">\r\n                                Lernen, Digital Game\u2010based Learning, E\u2010Learning                            <\/span>\r\n\r\n                                    \t\t<\/li>\r\n            \t            <\/ul>\r\n\r\n        \r\n            \r\n            <ul class=\"sh-list sh-list-vc sh-list-style4\" id=\"list-T4FD9bStcM\">\r\n            \t            \t\t<li class=\"sh-list-item\">\r\n                        \r\n                \t\t\t<span class=\"sh-list-icon\">\r\n                                                                    <i class=\"fa fa-caret-right\"><\/i>\r\n                                                \t\t\t<\/span>\r\n                \t\t\t<span class=\"sh-list-content\">\r\n                                Marken, Medienwirtschaft, Monetarisierung                            <\/span>\r\n\r\n                                    \t\t<\/li>\r\n            \t            <\/ul>\r\n\r\n        \r\n            \r\n            <ul class=\"sh-list sh-list-vc sh-list-style4\" id=\"list-7WmL9q61F0\">\r\n            \t            \t\t<li class=\"sh-list-item\">\r\n                        \r\n                \t\t\t<span class=\"sh-list-icon\">\r\n                                                                    <i class=\"fa fa-caret-right\"><\/i>\r\n                                                \t\t\t<\/span>\r\n                \t\t\t<span class=\"sh-list-content\">\r\n                                Applied Interactive Technologies (APITs) \u2013 Consumer Electronics &amp; Spieletechnologien anwenden                            <\/span>\r\n\r\n                                    \t\t<\/li>\r\n            \t            <\/ul>\r\n\r\n        \r\n            \r\n            <ul class=\"sh-list sh-list-vc sh-list-style4\" id=\"list-oXZwq8E1Sh\">\r\n            \t            \t\t<li class=\"sh-list-item\">\r\n                        \r\n                \t\t\t<span class=\"sh-list-icon\">\r\n                                                                    <i class=\"fa fa-caret-right\"><\/i>\r\n                                                \t\t\t<\/span>\r\n                \t\t\t<span class=\"sh-list-content\">\r\n                                Wearables                            <\/span>\r\n\r\n                                    \t\t<\/li>\r\n            \t            <\/ul>\r\n\r\n        \r\n            \r\n            <ul class=\"sh-list sh-list-vc sh-list-style4\" id=\"list-1ESLIBy2pK\">\r\n            \t            \t\t<li class=\"sh-list-item\">\r\n                        \r\n                \t\t\t<span class=\"sh-list-icon\">\r\n                                                                    <i class=\"fa fa-caret-right\"><\/i>\r\n                                                \t\t\t<\/span>\r\n                \t\t\t<span class=\"sh-list-content\">\r\n                                (interaktives) Storytelling                            <\/span>\r\n\r\n                                    \t\t<\/li>\r\n            \t            <\/ul>\r\n\r\n        \r\n            \r\n            <ul class=\"sh-list sh-list-vc sh-list-style4\" id=\"list-qKf3XO9AuN\">\r\n            \t            \t\t<li class=\"sh-list-item\">\r\n                        \r\n                \t\t\t<span class=\"sh-list-icon\">\r\n                                                                    <i class=\"fa fa-caret-right\"><\/i>\r\n                                                \t\t\t<\/span>\r\n                \t\t\t<span class=\"sh-list-content\">\r\n                                eSport                            <\/span>\r\n\r\n                                    \t\t<\/li>\r\n            \t            <\/ul>\r\n\r\n        \r\n            \r\n            <div class=\"sh-empty-space vc_empty_space sh-empty-space-TzdBpVoJIq  \" style=\"height: 23px\">\r\n                <span class=\"vc_empty_space_inner\"><\/span>\r\n            <\/div>\r\n\r\n        [vc_custom_heading text=&#8221;Konkrete Themenvorschl\u00e4ge f\u00fcr Abschlussarbeiten&#8221; font_container=&#8221;tag:h2|font_size:21|text_align:left&#8221; google_fonts=&#8221;font_family:Montserrat%3Aregular%2C700|font_style:400%20regular%3A400%3Anormal&#8221; css=&#8221;&#8221;]\r\n            \r\n            <div class=\"sh-empty-space vc_empty_space sh-empty-space-eFlwUGQ5o8  \" style=\"height: 10px\">\r\n                <span class=\"vc_empty_space_inner\"><\/span>\r\n            <\/div>\r\n\r\n        [vc_custom_heading text=&#8221;Digital Game-based Learning&#8221; font_container=&#8221;tag:h3|font_size:16|text_align:left&#8221; google_fonts=&#8221;font_family:Montserrat%3Aregular%2C700|font_style:700%20bold%20regular%3A700%3Anormal&#8221; css=&#8221;&#8221;]\r\n            \r\n            <ul class=\"sh-list sh-list-vc sh-list-style4\" id=\"list-SU8wkB4PWY\">\r\n            \t            \t\t<li class=\"sh-list-item\">\r\n                        \r\n                \t\t\t<span class=\"sh-list-icon\">\r\n                                                                    <i class=\"fa fa-caret-right\"><\/i>\r\n                                                \t\t\t<\/span>\r\n                \t\t\t<span class=\"sh-list-content\">\r\n                                Adaptive Schwierigkeitsanpassung (Reinforcement Learning) f\u00fcr Lernspiele                            <\/span>\r\n\r\n                                    \t\t<\/li>\r\n            \t            <\/ul>\r\n\r\n        \r\n            \r\n            <ul class=\"sh-list sh-list-vc sh-list-style4\" id=\"list-5huU0v6WHE\">\r\n            \t            \t\t<li class=\"sh-list-item\">\r\n                        \r\n                \t\t\t<span class=\"sh-list-icon\">\r\n                                                                    <i class=\"fa fa-caret-right\"><\/i>\r\n                                                \t\t\t<\/span>\r\n                \t\t\t<span class=\"sh-list-content\">\r\n                                Games f\u00fcr Intra- und Interkulturelle Kommunikation (z. B. Fehlerkultur, Fremd-Selbstbild\u00fcbungen, \u2026)                            <\/span>\r\n\r\n                                    \t\t<\/li>\r\n            \t            <\/ul>\r\n\r\n        \r\n            \r\n            <ul class=\"sh-list sh-list-vc sh-list-style4\" id=\"list-doUibN2COa\">\r\n            \t            \t\t<li class=\"sh-list-item\">\r\n                        \r\n                \t\t\t<span class=\"sh-list-icon\">\r\n                                                                    <i class=\"fa fa-caret-right\"><\/i>\r\n                                                \t\t\t<\/span>\r\n                \t\t\t<span class=\"sh-list-content\">\r\n                                Games f\u00fcr F\u00fchrungskr\u00e4fte und Team-Training                            <\/span>\r\n\r\n                                    \t\t<\/li>\r\n            \t            <\/ul>\r\n\r\n        \r\n            \r\n            <ul class=\"sh-list sh-list-vc sh-list-style4\" id=\"list-wyX6jifQUF\">\r\n            \t            \t\t<li class=\"sh-list-item\">\r\n                        \r\n                \t\t\t<span class=\"sh-list-icon\">\r\n                                                                    <i class=\"fa fa-caret-right\"><\/i>\r\n                                                \t\t\t<\/span>\r\n                \t\t\t<span class=\"sh-list-content\">\r\n                                Game-Projekte im Schulunterricht mit der GPM                            <\/span>\r\n\r\n                                    \t\t<\/li>\r\n            \t            <\/ul>\r\n\r\n        \r\n            \r\n            <ul class=\"sh-list sh-list-vc sh-list-style4\" id=\"list-oHYUmylO30\">\r\n            \t            \t\t<li class=\"sh-list-item\">\r\n                        \r\n                \t\t\t<span class=\"sh-list-icon\">\r\n                                                                    <i class=\"fa fa-caret-right\"><\/i>\r\n                                                \t\t\t<\/span>\r\n                \t\t\t<span class=\"sh-list-content\">\r\n                                Gesundheitskompetenz von Kindern st\u00e4rken                            <\/span>\r\n\r\n                                    \t\t<\/li>\r\n            \t            <\/ul>\r\n\r\n        \r\n            \r\n            <ul class=\"sh-list sh-list-vc sh-list-style4\" id=\"list-zftXVhW0em\">\r\n            \t            \t\t<li class=\"sh-list-item\">\r\n                        \r\n                \t\t\t<span class=\"sh-list-icon\">\r\n                                                                    <i class=\"fa fa-caret-right\"><\/i>\r\n                                                \t\t\t<\/span>\r\n                \t\t\t<span class=\"sh-list-content\">\r\n                                Sozialer Zusammenhalt zwischen Generationen st\u00e4rken                            <\/span>\r\n\r\n                                    \t\t<\/li>\r\n            \t            <\/ul>\r\n\r\n        \r\n            \r\n            <div class=\"sh-empty-space vc_empty_space sh-empty-space-HNOXQ8FoGk  \" style=\"height: 20px\">\r\n                <span class=\"vc_empty_space_inner\"><\/span>\r\n            <\/div>\r\n\r\n        [vc_custom_heading text=&#8221;AR &amp; VR&#8221; font_container=&#8221;tag:h3|font_size:16|text_align:left&#8221; google_fonts=&#8221;font_family:Montserrat%3Aregular%2C700|font_style:700%20bold%20regular%3A700%3Anormal&#8221; css=&#8221;&#8221;]\r\n            \r\n            <ul class=\"sh-list sh-list-vc sh-list-style4\" id=\"list-jMS0b1gyKn\">\r\n            \t            \t\t<li class=\"sh-list-item\">\r\n                        \r\n                \t\t\t<span class=\"sh-list-icon\">\r\n                                                                    <i class=\"fa fa-caret-right\"><\/i>\r\n                                                \t\t\t<\/span>\r\n                \t\t\t<span class=\"sh-list-content\">\r\n                                Verbinden von unterschiedlicher HW (HoloLens + Vive-Controller, Kinect, Leap Motion etc.) inkl. SW\/Game-Prototypen                            <\/span>\r\n\r\n                                    \t\t<\/li>\r\n            \t            <\/ul>\r\n\r\n        \r\n            \r\n            <ul class=\"sh-list sh-list-vc sh-list-style4\" id=\"list-kr6PJgXhxi\">\r\n            \t            \t\t<li class=\"sh-list-item\">\r\n                        \r\n                \t\t\t<span class=\"sh-list-icon\">\r\n                                                                    <i class=\"fa fa-caret-right\"><\/i>\r\n                                                \t\t\t<\/span>\r\n                \t\t\t<span class=\"sh-list-content\">\r\n                                Objekt- und Interaktionserkennung mit der HoloLens 1 oder 2                            <\/span>\r\n\r\n                                    \t\t<\/li>\r\n            \t            <\/ul>\r\n\r\n        \r\n            \r\n            <ul class=\"sh-list sh-list-vc sh-list-style4\" id=\"list-DpQKJOyaYe\">\r\n            \t            \t\t<li class=\"sh-list-item\">\r\n                        \r\n                \t\t\t<span class=\"sh-list-icon\">\r\n                                                                    <i class=\"fa fa-caret-right\"><\/i>\r\n                                                \t\t\t<\/span>\r\n                \t\t\t<span class=\"sh-list-content\">\r\n                                AR in Produktionsumgebungen (z. B. Unterst\u00fctzung von Wartungsaufgaben mit AR)                            <\/span>\r\n\r\n                                    \t\t<\/li>\r\n            \t            <\/ul>\r\n\r\n        \r\n            \r\n            <ul class=\"sh-list sh-list-vc sh-list-style4\" id=\"list-TE7bxPq2IF\">\r\n            \t            \t\t<li class=\"sh-list-item\">\r\n                        \r\n                \t\t\t<span class=\"sh-list-icon\">\r\n                                                                    <i class=\"fa fa-caret-right\"><\/i>\r\n                                                \t\t\t<\/span>\r\n                \t\t\t<span class=\"sh-list-content\">\r\n                                Aufzeigen der M\u00f6glichkeiten von Web-AR\/VR mit Hilfe von Prototypen                            <\/span>\r\n\r\n                                    \t\t<\/li>\r\n            \t            <\/ul>\r\n\r\n        \r\n            \r\n            <ul class=\"sh-list sh-list-vc sh-list-style4\" id=\"list-V8qybGSht6\">\r\n            \t            \t\t<li class=\"sh-list-item\">\r\n                        \r\n                \t\t\t<span class=\"sh-list-icon\">\r\n                                                                    <i class=\"fa fa-caret-right\"><\/i>\r\n                                                \t\t\t<\/span>\r\n                \t\t\t<span class=\"sh-list-content\">\r\n                                Durchf\u00fchrung von Marktstudien zu Spieletechnologien in nicht-Spielkontexten (APITs)                            <\/span>\r\n\r\n                                    \t\t<\/li>\r\n            \t            <\/ul>\r\n\r\n        \r\n            \r\n            <div class=\"sh-empty-space vc_empty_space sh-empty-space-8RvQbMcFLT  \" style=\"height: 20px\">\r\n                <span class=\"vc_empty_space_inner\"><\/span>\r\n            <\/div>\r\n\r\n        [vc_custom_heading text=&#8221;Sound&#8221; font_container=&#8221;tag:h3|font_size:16|text_align:left&#8221; google_fonts=&#8221;font_family:Montserrat%3Aregular%2C700|font_style:700%20bold%20regular%3A700%3Anormal&#8221; css=&#8221;&#8221;]\r\n            \r\n            <ul class=\"sh-list sh-list-vc sh-list-style4\" id=\"list-0vqbVzYXph\">\r\n            \t            \t\t<li class=\"sh-list-item\">\r\n                        \r\n                \t\t\t<span class=\"sh-list-icon\">\r\n                                                                    <i class=\"fa fa-caret-right\"><\/i>\r\n                                                \t\t\t<\/span>\r\n                \t\t\t<span class=\"sh-list-content\">\r\n                                Entwicklung von Anwendungen zum Thema Binaurales 3D-Audio mit Webtechnologien (HRTF)                            <\/span>\r\n\r\n                                    \t\t<\/li>\r\n            \t            <\/ul>\r\n\r\n        \r\n            \r\n            <ul class=\"sh-list sh-list-vc sh-list-style4\" id=\"list-Dbn5rLO1pY\">\r\n            \t            \t\t<li class=\"sh-list-item\">\r\n                        \r\n                \t\t\t<span class=\"sh-list-icon\">\r\n                                                                    <i class=\"fa fa-caret-right\"><\/i>\r\n                                                \t\t\t<\/span>\r\n                \t\t\t<span class=\"sh-list-content\">\r\n                                Personalisiertes 3D-Audio mittels photogrammetrisch erstellten Meshes des Kopfes                            <\/span>\r\n\r\n                                    \t\t<\/li>\r\n            \t            <\/ul>\r\n\r\n        \r\n            \r\n            <ul class=\"sh-list sh-list-vc sh-list-style4\" id=\"list-arfZ72PYUT\">\r\n            \t            \t\t<li class=\"sh-list-item\">\r\n                        \r\n                \t\t\t<span class=\"sh-list-icon\">\r\n                                                                    <i class=\"fa fa-caret-right\"><\/i>\r\n                                                \t\t\t<\/span>\r\n                \t\t\t<span class=\"sh-list-content\">\r\n                                Ger\u00e4uscherkennung mit Machine Learning zur Entwicklung von Assistenzsystemen                            <\/span>\r\n\r\n                                    \t\t<\/li>\r\n            \t            <\/ul>\r\n\r\n        \r\n            \r\n            <ul class=\"sh-list sh-list-vc sh-list-style4\" id=\"list-mRbdKUDn9W\">\r\n            \t            \t\t<li class=\"sh-list-item\">\r\n                        \r\n                \t\t\t<span class=\"sh-list-icon\">\r\n                                                                    <i class=\"fa fa-caret-right\"><\/i>\r\n                                                \t\t\t<\/span>\r\n                \t\t\t<span class=\"sh-list-content\">\r\n                                Adaptive Schwierigkeitsanpassung (Reinforcement Learning) f\u00fcr Audiospiele                            <\/span>\r\n\r\n                                    \t\t<\/li>\r\n            \t            <\/ul>\r\n\r\n        \r\n            \r\n            <div class=\"sh-empty-space vc_empty_space sh-empty-space-K4Xe6cHBwN  \" style=\"height: 20px\">\r\n                <span class=\"vc_empty_space_inner\"><\/span>\r\n            <\/div>\r\n\r\n        [vc_custom_heading text=&#8221;Web &amp; APP&#8221; font_container=&#8221;tag:h3|font_size:16|text_align:left&#8221; google_fonts=&#8221;font_family:Montserrat%3Aregular%2C700|font_style:700%20bold%20regular%3A700%3Anormal&#8221; css=&#8221;&#8221;]\r\n            \r\n            <ul class=\"sh-list sh-list-vc sh-list-style4\" id=\"list-qvFJZliMIC\">\r\n            \t            \t\t<li class=\"sh-list-item\">\r\n                        \r\n                \t\t\t<span class=\"sh-list-icon\">\r\n                                                                    <i class=\"fa fa-caret-right\"><\/i>\r\n                                                \t\t\t<\/span>\r\n                \t\t\t<span class=\"sh-list-content\">\r\n                                Entwicklung einer mobilen Anwendung, die Menschen bei der Umsetzung von Projekten in Unternehmens-, sozialen und privaten Kontexten u. a. mittels Gamification\/Storytelling unterst\u00fctzt                            <\/span>\r\n\r\n                                    \t\t<\/li>\r\n            \t            <\/ul>\r\n\r\n        \r\n            \r\n            <div class=\"sh-empty-space vc_empty_space sh-empty-space-2hIFKd4POT  \" style=\"height: 200px\">\r\n                <span class=\"vc_empty_space_inner\"><\/span>\r\n            <\/div>\r\n\r\n        [\/vc_column][\/vc_row]<\/p>\n<\/div>","protected":false},"excerpt":{"rendered":"<p>[vc_row][vc_column][vc_custom_heading text=&#8221;Themenvorschl\u00e4ge&#8221; font_container=&#8221;tag:h1|font_size:26|text_align:left&#8221; google_fonts=&#8221;font_family:Montserrat%3Aregular%2C700|font_style:400%20regular%3A400%3Anormal&#8221;][vc_separator][\/vc_column][\/vc_row][vc_row][vc_column][vc_column_text css=&#8221;&#8221;] Auf dieser Seite finden Sie Themenvorschl\u00e4ge f\u00fcr Abschlussarbeiten und Independent Courseworks (Master-Studiengang). Eigene Themen k\u00f6nnen gerne vorgeschlagen werden, sofern sie den unten angegebenen Themenschwerpunkten angeh\u00f6ren. Abschlussarbeiten werden immer von Prof. Dr.-Ing. Carsten Busch und einer Mitarbeiterin\/einem Mitarbeiter der Forschungsgruppe betreut. [\/vc_column_text][vc_single_image image=&#8221;893&#8243; img_size=&#8221;600&#215;400&#8243; alignment=&#8221;center&#8221;][vc_custom_heading text=&#8221;Themenschwerpunkte&#8221;&#8230;<\/p>\n","protected":false},"author":1,"featured_media":0,"parent":0,"menu_order":0,"comment_status":"closed","ping_status":"closed","template":"","meta":{"_acf_changed":false,"footnotes":""},"class_list":["post-151","page","type-page","status-publish","hentry"],"acf":{"datetext":"","verstecktes_datum":null,"sichtbares_datum":"Am 01.01.2022 um 16 bis 18 Uhr","teasertext":"Lorem ipsum dolar pate..."},"_links":{"self":[{"href":"https:\/\/fki.htw-berlin.de\/creative-media\/wp-json\/wp\/v2\/pages\/151","targetHints":{"allow":["GET"]}}],"collection":[{"href":"https:\/\/fki.htw-berlin.de\/creative-media\/wp-json\/wp\/v2\/pages"}],"about":[{"href":"https:\/\/fki.htw-berlin.de\/creative-media\/wp-json\/wp\/v2\/types\/page"}],"author":[{"embeddable":true,"href":"https:\/\/fki.htw-berlin.de\/creative-media\/wp-json\/wp\/v2\/users\/1"}],"replies":[{"embeddable":true,"href":"https:\/\/fki.htw-berlin.de\/creative-media\/wp-json\/wp\/v2\/comments?post=151"}],"version-history":[{"count":27,"href":"https:\/\/fki.htw-berlin.de\/creative-media\/wp-json\/wp\/v2\/pages\/151\/revisions"}],"predecessor-version":[{"id":4094,"href":"https:\/\/fki.htw-berlin.de\/creative-media\/wp-json\/wp\/v2\/pages\/151\/revisions\/4094"}],"wp:attachment":[{"href":"https:\/\/fki.htw-berlin.de\/creative-media\/wp-json\/wp\/v2\/media?parent=151"}],"curies":[{"name":"wp","href":"https:\/\/api.w.org\/{rel}","templated":true}]}}